 common divisor of 32 and j.
8
Suppose -3*r + 6*q = 3*q - 27, -4*r = q - 41. What is the greatest common factor of 25 and r?
5
Let u be (-264)/(-15) + (-4)/(-10). What is the highest common factor of u and 45?
9
Let f be (-1 - (1 + -3))*105. Suppose -2*w + 3*l = -76, l + 27 = 4*w - f. What is the highest common divisor of w and 16?
16
Let t be (-41)/(-3)*3/(-4)*-4. What is the highest common divisor of t and 369?
41
Let q(t) = -t**2 - 9*t - 9. Suppose 6 + 1 = -h. Let u be q(h). What is the highest common factor of u and 45?
5
Suppose -486 = -5*x + r + 3*r, 2*x + r = 184. Suppose 2*b = 3*l - 105, -b + 35 + x = 4*l. Calculate the greatest common factor of l and 3.
3
Let t be ((-12)/(-10))/(1/190). Let i = -76 + t. Suppose 114 = -0*f + 6*f. What is the greatest common factor of f and i?
19
Suppose -2*b + 372 = 3*g, b - g - 144 = 32. Let c be (-21)/(-6)*(-40)/(-7). Calculate the greatest common divisor of b and c.
20
Let m be (13 + -29)/(0 - 1). Let o(p) = p + 8. Let y be o(0). What is the greatest common divisor of y and m?
8
Let x(v) = -v**3 - 3*v**2 - 4*v - 3. Let s be x(-3). Let q be s/(-45) - 598/10. Let g = -42 - q. Calculate the highest common factor of g and 144.
18
Suppose 0 = -4*w + 3*y + 61, 2*w + y = 6*y + 27. Let b = w - -8. Calculate the highest common divisor of 60 and b.
12
Suppose 2*s - 2*a - 17 = -5, -4*s = 4*a. Suppose -2*n + 2*o + 18 = 0, n - s = 3*o - 4*o. What is the greatest common factor of 6 and n?
6
Let o(r) = 2*r**2 - 16*r - 12. Let z be o(9). Calculate the highest common factor of 42 and z.
6
Suppose -4*m + n = -180, m - 2*n - 2*n = 30. What is the highest common divisor of m and 69?
23
Let t be (-8)/6*(-450)/4. What is the highest common divisor of 25 and t?
25
Let r(f) = -46*f**3 + 3*f**2 + 1 + 2*f - 4*f**2 + f**2. Let b be r(-1). What is the greatest common factor of b and 30?
15
Let y be 0 + 0 - (-75 - 1). Suppose -4*b + 3*a + 0*a = -88, 31 = b - 3*a. Calculate the greatest common divisor of b and y.
19
Let b = -13 - -17. Suppose -b*z - z = -275. Calculate the greatest common divisor of 22 and z.
11
Let q(z) = 5*z + 33. Let g be q(5). What is the highest common factor of g and 87?
29
Let c(p) = -p**3 + 14*p**2 - 12*p - 10. Let u be c(13). What is the highest common divisor of 51 and u?
3
Let q(b) = -b + 7. Let z be q(4). Suppose 58 + 77 = z*n. Calculate the highest common divisor of n and 15.
15
Let b be (-1 - 2)*(-1 - 62*1). Calculate the highest common factor of b and 27.
27
Let t(v) = v - 3. Let y be -2 - (5 - 3 - 12). Let c be t(y). Suppose 4*z + c*k - 15 = -z, k = 2. What is the highest common factor of 1 and z?
1
Suppose p + g = -3*p + 67, 0 = -p - 3*g + 14. Calculate the greatest common divisor of 153 and p.
17
Let p be 21/(-140)*5 + (-563)/(-4). Calculate the highest common divisor of 28 and p.
28
Let m(u) = 33*u**2 + 1. Let x be m(1). Suppose -x = -4*h + 14. Suppose 396 = 6*l - 252. Calculate the highest common divisor of l and h.
12
Let g = -151 - -186. What is the greatest common factor of 245 and g?
35
Let c = -1 - -3. Calculate the highest common divisor of 18 and c.
2
Suppose 0 = 2*n + 2*n - 8. Suppose 0 = 5*z - 8 - n. Suppose 0 = t + z - 5. Calculate the highest common factor of t and 12.
3
Suppose 7 = -u + 5*s, -25 = -9*u + 4*u + 5*s. What is the highest common divisor of u and 4?
4
Suppose 0 = -0*z + 3*z - 21. What is the highest common factor of z and 77?
7
Suppose -2*b + 74 = -3*v + 13, 3*v = b - 38. What is the highest common divisor of b and 161?
23
Let b be ((-17)/(-3))/((-2)/(-6)). Calculate the greatest common divisor of 17 and b.
17
Let g = -60 + 111. Suppose -4*k + k = 0. Suppose k = c + 12 - 29. Calculate the greatest common divisor of g and c.
17
Let b be -1*(-72)/20*5. Calculate the greatest common divisor of 144 and b.
18
Let p(m) be the second derivative of -4*m**2 + 1/3*m**3 + m + 0 - 1/20*m**5 + 3/4*m**4. Let i be p(9). Calculate the greatest common divisor of 40 and i.
10
Let t(z) = -11*z - 4. Let i be t(3). Let n = -13 - i. Let s = 1 + 2. What is the greatest common divisor of s and n?
3
Let j = 11 - 8. Suppose -110 = 5*n + 5*u, -4*n + 9*n - 5*u = -160. Let y be n/(-9) + 3*1. What is the greatest common factor of y and j?
3
Suppose 5*n - 95 = 3*c - 4*c, 0 = -3*c - 4*n + 230. Calculate the greatest common factor of c and 14.
14
Let r = -343 + 609. Let x = -186 + r. What is the highest common divisor of 10 and x?
10
Let g be 22/11 - 2*-1*29. What is the greatest common factor of 12 and g?
12
Let s(l) = 2*l - 2. Suppose 4*t = 5*t - 49. Let c be (-1)/6 - t/(-6). Let i be s(c). Calculate the greatest common divisor of i and 126.
14
Suppose 0 = -4*a + 268 - 88. Suppose 5*x + 5*o = a + 145, 3*x - 2*o - 104 = 0. Suppose c - 6*c = -45. What is the greatest common factor of c and x?
9
Let x = -4 - -7. Suppose -4*n = 20, x*a = -4*n + 3*n + 4. Let d be (3*1)/(5/25). What is the greatest common divisor of a and d?
3
Let d = 172 + -129. What is the greatest common factor of 215 and d?
43
Let v be (-2)/(3*6/(-198)). Suppose -2*m = 3*m - 990. Calculate the greatest common factor of m and v.
22
Suppose -2*h - 51 + 65 = 0. Calculate the greatest common divisor of h and 7.
7
Suppose -2*c + 3*d = -27, 2*c + 4*d = -1 - 7. Calculate the highest common factor of 48 and c.
6
Let c be ((-28)/4 - -4) + 24. Let m = 3 - 0. Calculate the highest common divisor of c and m.
3
Let g(t) = -t**2 + 11*t - 10. Let c be g(10). Suppose c = -10*x + 5*x + 5. What is the highest common factor of 1 and x?
1
Let p(m) = -m**2 + 7*m + 2. Let c be p(7). Suppose 0 = -5*f + c*x + 170, 4*f - 2*x - 52 = 82. Let r = 4 + f. Calculate the highest common factor of 16 and r.
8
Let t = 31 - 23. Calculate the greatest common factor of 2 and t.
2
Let y(b) = 3*b + 280. Let u be y(0). Calculate the highest common divisor of u and 35.
35
Let a(f) be the first derivative of 3*f**2/2 - 4*f - 3. Let w be a(5). Let p(j) = j**2 - 5*j + 8. Let k be p(7). What is the highest common divisor of w and k?
11
Suppose -4*d = -9*d + 185. Suppose 0 = -4*m + f, -2*m + 7*f = 2*f. Suppose i - d - 43 = m. Calculate the highest common divisor of 16 and i.
16
Suppose -4*d + 1212 = -0*d. Suppose -2*k + d + 177 = 0. Suppose -k = -2*x - 44. What is the highest common divisor of x and 14?
14
Suppose 0 = -g - 2*p + 145 - 45, -g + 3*p = -90. Suppose z + 5 = 1, 4*h - 3*z - 60 = 0. What is the greatest common factor of h and g?
12
Let r = 17 + -11. Suppose -c + 24 = 5. Suppose 2*q - 89 = c. What is the highest common divisor of q and r?
6
Suppose 6*z = 9*z - 432. Calculate the greatest common divisor of 16 and z.
16
Suppose 30*u - 1144 - 386 = 0. Let r = 29 + 5. What is the greatest common divisor of u and r?
17
Suppose -5*w + 21 = -4. Suppose 4*t + 0*c - 21 = c, -w = c. Suppose 2*u - t*m = 14, -38 = -5*u + 5*m + 7. What is the highest common factor of u and 44?
11
Let n(z) = 5*z + 88. Let i be n(-14). Suppose 2*b = -2*b + 52. Let p = 31 - b. Calculate the highest common divisor of p and i.
18
Let f(i) = 2*i. Let p be f(2). Let k = 30 + 58. Let n = 132 - k. What is the highest common divisor of p and n?
4
Let z(f) = 12*f - 2. Let l be z(1). Calculate the highest common divisor of l and 50.
10
Let r(t) = -t + 2. Let f be r(-6). Calculate the greatest common divisor of 32 and f.
8
Let l(y) = 2*y + 31. Let d be l(-8). What is the highest common factor of d and 195?
15
Suppose 2*g = -5*r + 1381, 0 = -4*r + 4*g - 9*g + 1115. What is the highest common divisor of 25 and r?
25
Let p(k) = -2*k**3 - k**2 + k - 1. Let f be p(-3). Let a = f + -25. Calculate the greatest common divisor of 48 and a.
16
Let d(p) = -7*p**3 + 1. Let c be d(-1). Let a be ((-17)/4)/((-2)/c). Calculate the highest common divisor of 85 and a.
17
Let o(v) = v**3 + 6*v**2 + 2*v - 2. Let l be o(-5). What is the highest common factor of 104 and l?
13
Let f be (-6)/(-10) - (-194)/10. What is the highest common factor of f and 30?
10
Suppose 8 = 5*g - 2, 0 = 2*a - 4*g + 4. Suppose 0 = -a*o + 4*l + 98, -112 = o - 3*o - 3*l. Let z = -23 + o. What is the highest common divisor of 5 and z?
5
Suppose -1 = -r + 4. Suppose -5*x + 12 = 3*w, -w + 6*w = 3*x + 20. Suppose -8 = w*i, -3*f + i - 28 = -r*f. What is the greatest common factor of 3 and f?
3
Let r = -8 + 9. Let v = 5 - r. Calculate the highest common factor 